me factors of 46067886?
2, 3, 37, 23057
List the prime factors of 74359890.
2, 3, 5, 11, 25037
List the prime factors of 202357731.
3, 67452577
List the prime factors of 894703198.
2, 19, 2221, 10601
List the prime factors of 95214403.
95214403
List the prime factors of 2373274821.
3, 4547, 173981
List the prime factors of 510488840.
2, 5, 277, 46073
What are the prime factors of 112810580?
2, 5, 29, 67, 2903
List the prime factors of 8175914.
2, 4087957
What are the prime factors of 2192980082?
2, 67, 157, 104239
What are the prime factors of 32031710?
2, 5, 61, 52511
What are the prime factors of 90952682?
2, 45476341
List the prime factors of 3707152727.
3707152727
What are the prime factors of 182787360?
2, 3, 5, 7, 54401
List the prime factors of 41965369.
89, 471521
List the prime factors of 427813140.
2, 3, 5, 1171, 6089
What are the prime factors of 344543197?
23, 14980139
List the prime factors of 610614314.
2, 29, 10527833
List the prime factors of 28776701.
67, 429503
List the prime factors of 645680132.
2, 53, 3045661
List the prime factors of 3800173541.
37, 71, 137, 10559
List the prime factors of 665504372.
2, 13, 17, 752833
What are the prime factors of 1638855594?
2, 3, 9397, 9689
What are the prime factors of 871734759?
3, 7, 41511179
What are the prime factors of 66565144?
2, 953, 8731
What are the prime factors of 2678583608?
2, 29, 97, 119027
What are the prime factors of 61716910?
2, 5, 53, 116447
List the prime factors of 3319867958.
2, 11, 499, 302411
List the prime factors of 438337813.
29, 1093, 13829
What are the prime factors of 45693157?
19, 23, 104561
List the prime factors of 46485266.
2, 23242633
What are the prime factors of 402008494?
2, 201004247
What are the prime factors of 81542560?
2, 5, 11, 107, 433
List the prime factors of 45626494.
2, 22813247
List the prime factors of 45288723.
3, 19, 41, 19379
List the prime factors of 164491610.
2, 5, 16449161
List the prime factors of 62047815.
3, 5, 4136521
What are the prime factors of 806228742?
2, 3, 11, 37, 8923
What are the prime factors of 318806479?
197, 1618307
What are the prime factors of 12381582?
2, 3, 2063597
What are the prime factors of 133459605?
3, 5, 17, 174457
List the prime factors of 75247747.
75247747
List the prime factors of 386953378.
2, 7, 61, 453107
List the prime factors of 136740403.
331, 413113
List the prime factors of 48231686.
2, 17, 1418579
List the prime factors of 76862472.
2, 3, 3202603
List the prime factors of 1767768640.
2, 5, 11, 139, 3613
List the prime factors of 203617322.
2, 127, 829, 967
What are the prime factors of 9002863?
9002863
What are the prime factors of 2280541382?
2, 7, 29, 109, 1777
List the prime factors of 655320832.
2, 53, 48299
List the prime factors of 14274355.
5, 41, 179, 389
What are the prime factors of 352523217?
3, 29, 4051991
What are the prime factors of 12781961?
1777, 7193
List the prime factors of 1456583117.
11, 311, 38707
What are the prime factors of 20535956?
2, 7, 733427
List the prime factors of 3521727.
3, 11, 35573
List the prime factors of 47565501.
3, 31, 511457
List the prime factors of 40431004.
2, 10107751
What are the prime factors of 1564381?
7, 13, 17191
List the prime factors of 374081128.
2, 46760141
What are the prime factors of 537104391?
3, 47, 3809251
What are the prime factors of 5836180902?
2, 3, 972696817
List the prime factors of 1488352364.
2, 787, 472793
What are the prime factors of 270297377?
7, 112577
What are the prime factors of 39800841?
3, 73, 181739
What are the prime factors of 278342690?
2, 5, 27834269
What are the prime factors of 4693891981?
17, 2707, 101999
List the prime factors of 10998566.
2, 5499283
List the prime factors of 2210089038.
2, 3, 293, 1033, 1217
List the prime factors of 338959547.
338959547
What are the prime factors of 1341486455?
5, 47, 5708453
What are the prime factors of 4001120?
2, 5, 17, 1471
What are the prime factors of 401454870?
2, 3, 5, 97, 137957
What are the prime factors of 5765492274?
2, 3, 2753, 349043
What are the prime factors of 43035670?
2, 5, 17, 149, 1699
List the prime factors of 3615857259.
3, 7, 127, 1355777
List the prime factors of 939538548.
2, 3, 13, 317, 2111
What are the prime factors of 1740156820?
2, 5, 87007841
What are the prime factors of 61238225?
5, 233, 10513
What are the prime factors of 36419173?
7, 5202739
What are the prime factors of 288820961?
11, 13, 103, 19609
What are the prime factors of 1474725789?
3, 6563, 24967
What are the prime factors of 234503285?
5, 23, 1423, 1433
List the prime factors of 245770671.
3, 43, 1905199
What are the prime factors of 1912445324?
2, 223, 467, 4591
What are the prime factors of 249853016?
2, 7, 41, 108821
What are the prime factors of 2526862?
2, 13, 97187
List the prime factors of 3331704232.
2, 53, 73, 107641
What are the prime factors of 27995572?
2, 11, 636263
What are the prime factors of 24245996?
2, 6061499
What are the prime factors of 52794565?
5, 10558913
List the prime factors of 3006793127.
13, 193, 1198403
List the prime factors of 1900620959.
67, 1733, 16369
List the prime factors of 1381390712.
2, 13, 13282603
List the prime factors of 446835596.
2, 29, 67, 57493
List the prime factors of 9729089.
127, 76607
List the prime factors of 1352751792.
2, 3, 7, 43, 93629
List the prime factors of 287567835.
3, 5, 17, 331, 3407
What are the prime factors of 503399986?
2, 47, 5355319
List the prime factors of 443749979.
443749979
List the prime factors of 930278406.
2, 3, 155046401
List the prime factors of 1713983052.
2, 3, 79, 1807999
List the prime factors of 50438007.
3, 5604223
What are the prime factors of 8506144228?
2, 137, 15522161
List the prime factors of 843947919.
3, 93771991
What are the prime factors of 1948570132?
2, 3593, 135581
What are the prime factors of 611185083?
3, 8999, 22639
List the prime factors of 5112946722.
2, 3, 13, 65550599
What are the prime factors of 77271002?
2, 59, 654839
List the prime factors of 197714925.
3, 5, 163, 599
What are the prime factors of 57384023?
337, 170279
List the prime factors of 106457366.
2, 17, 3131099
What are the prime factors of 3035552334?
2, 3, 17, 139, 251, 853
What are the prime factors of 800623545?
3, 5, 2039, 26177
List the prime factors of 360616246.
2, 127, 1419749
List the prime factors of 323248811.
31, 10427381
List the prime factors of 173013914.
2, 31, 2790547
What are the prime factors of 7536109519?
61, 947, 130457
What are the prime factors of 2135723802?
2, 3, 2909, 122363
List the prime factors of 8844252398.
2, 79, 55976281
List the prime factors of 1642824147.
3, 103, 5316583
List the prime factors of 54928923.
3, 7, 73, 35831
What are the prime factors of 78878575?
5, 53, 59, 1009
What are the prime factors of 142963008?
2, 3, 744599
List the prime factors of 58251985.
5, 11, 23, 46049
What are the prime factors of 4842724290?
2, 3, 5, 23, 7018441
List the prime factors of 93992023.
43, 2185861
What are the prime factors of 42017160?
2, 3, 5, 337, 1039
List the prime factors of 75077456.
2, 109, 43049
List the prime factors of 34963779.
3, 37, 314989
List the prime factors of 276695653.
13, 21284281
List the prime factors of 151937631.
3, 16881959
What are the prime factors of 893296227?
3, 71, 967, 4337
List the prime factors of 30821843.
13, 31, 76481
What are the prime factors of 2874277723?
139, 421, 49117
What are the prime factors of 7021229?
7021229
What are the prime factors of 1328595523?
71, 2939, 6367
List the prime factors of 50449876.
2, 857, 14717
List the prime factors of 27648177.
3, 109, 84551
List the prime factors of 460533075.
3, 5, 6140441
What are the prime factors of 1408212631?
7, 191, 1053263
What are the prime factors of 238150684?
2, 43, 167, 8291
What are the prime factors of 79963004?
2, 11, 1817341
List the prime factors of 61052041.
61052041
What are the prime factors of 60538645?
5, 23, 526423
List the prime factors of 10123139.
13, 79, 9857
List the prime factors of 286706112.
2, 3, 7, 11, 41, 43
What are the prime factors of 291616948?
2, 7, 10414891
What are the prime factors of 279519829?
71, 3936899
What are the prime factors of 372333667?
3137, 118691
What are the prime factors of 209499083?
269, 337, 2311
List the pr